h, -2*h + 3*b + 72 = 8*b. Suppose l - 31 - h = 0. Is l a composite number?
False
Suppose -4*u = 2*p - 18486, 13832 = -70*u + 73*u - 5*p. Is u a composite number?
True
Suppose -8*a = -x - 10*a + 15853, -5*x + 79298 = -a. Is x a prime number?
True
Let f(p) = 3*p + 6*p**2 + 0*p**2 - 3 - 7*p - 5*p**2. Let b be f(-4). Suppose z - 135 + b = 0. Is z a composite number?
True
Suppose -13*i - 2050 = 28*i. Let r be 812/6 - 1/3. Let j = r + i. Is j a prime number?
False
Let z(y) = 2*y**3 - 5*y**2 + 4*y + 1. Let d be z(10). Let g = -1074 + d. Is g a composite number?
False
Is (-1721610)/(-108) - (-2)/12 - 4 a composite number?
False
Suppose 0*v = -6*v + 24. Suppose 3*x + 2*u - 17 = 138, -3*x + v*u + 167 = 0. Is x a prime number?
True
Suppose 29 = 4*v - 3*f, -4*f - 7 = -3*v + 20. Suppose -2779 = -v*p + 2416. Is p composite?
False
Let b(l) = 2114*l**2 - 53*l + 164. Is b(3) prime?
True
Suppose 0 = 4*j + 3*a - 39655, -3*j = -2*a - 3300 - 26437. Is j prime?
False
Let t = -541 + 5524. Suppose -5*d + t = 4*l, l - 1775 = -2*d + 220. Suppose 0 = -5*p - 334 + d. Is p a prime number?
False
Suppose 5914 - 74 = 5*t. Let c = 1522 - 2197. Let m = t + c. Is m a composite number?
True
Is (-486)/72 + 7 - 49603/(-4) a prime number?
True
Let s = 6700 + -4694. Suppose -y = -3*y + s. Is y a prime number?
False
Let f(o) = -o**2 + 2*o - 1. Let l be f(2). Let g(c) = 6 + 0 + 2 - 20*c - 6. Is g(l) composite?
True
Let j(v) = v**2 + 3*v - 7. Let c be j(-5). Suppose 5*r = c*r + 50. Suppose 4*n - 109 = -r. Is n a composite number?
True
Suppose 22523 = -2*m + 3*m + 4*i, 4*i = 4*m - 90132. Is m prime?
True
Is (-734391)/(-27)*(-1)/2*-6 a composite number?
True
Is -8 - 1031*(-44)/8*10 a prime number?
False
Let y(j) be the second derivative of j**5/20 + 17*j**4/12 + 11*j**3/3 - 5*j**2/2 + 12*j. Is y(-15) a composite number?
True
Suppose 2*z - 21940 = -2*m, 2*z - 5*m = 28118 - 6157. Is z composite?
False
Let y(h) = -h**2 - h + 6. Let l = -5 + 1. Let o be y(l). Let n(q) = 30*q**2 + 7*q + 5. Is n(o) a prime number?
False
Let i(k) = k**2 + 4*k + 4. Let p be i(-4). Suppose 4*d + 4*q = -p, -3*q = 3*d - 2*q + 1. Let n = 19 + d. Is n a prime number?
True
Let b = -3 + 2. Let x(v) be the third derivative of -7*v**6/4 + v**5/60 + 380*v**2. Is x(b) prime?
True
Let q = 56 + -20. Let j be 8/(-36) + (-3700)/q. Let p = j - -312. Is p composite?
True
Suppose 0 = -0*f - 3*f + 9. Suppose f*x - 274 + 25 = 0. Is x prime?
True
Let y be (-48)/22 + 2 - (-27244)/(-77). Is (-1)/8 - -54*y/(-96) prime?
True
Let v = -686 - -1935. Is v prime?
True
Let v(p) = -p**2 - 6*p + 9. Suppose 5*y - 2*y = -21. Let m be v(y). Is m/(-2)*-3 + 12 a composite number?
True
Let j(v) = -9490*v - 21. Is j(-2) prime?
True
Suppose -3*a + 38404 + 133259 = 0. Is a composite?
False
Let n = -11187 - -22336. Is n a composite number?
False
Suppose 5*m = -3*o + 198901 - 12365, -4*o = 5*m - 248713. Is o a composite number?
True
Let f = 1185 + -484. Is f prime?
True
Let l = -3 + 5. Suppose 0*r + l*r - 6 = 0. Suppose n - r*o - 870 = -2*n, 5*o = 25. Is n prime?
False
Let i(k) = k**3 - 12*k**2 - 2*k + 7. Let f be 12/(-8)*-10 + -1. Is i(f) prime?
False
Suppose -5*q = -9 - 11. Let d be q - 3 - 1 - -491. Suppose -5*o = -d - 804. Is o composite?
True
Is (13602/33)/(2/11) a composite number?
False
Suppose 14227 = 5*y - 4*i, -y = 2*i - 4*i - 2849. Is y prime?
True
Let s(k) = -k**3 - 2*k**2 + 6*k + 1. Let z = 12 + -31. Let m = z - -14. Is s(m) prime?
False
Let t = 9 - 13. Let d(i) = -i**2 + i + 1. Let w(f) = -4*f**2 + 14*f + 12. Let b(m) = -6*d(m) + w(m). Is b(t) prime?
False
Suppose -5*g - 2*c = c - 2622, 5*g = -2*c + 2618. Suppose 0 = -5*y + 3*l + 1902, -5*l = y + 136 - g. Is y a prime number?
False
Let s(z) = 172*z**2 - 4*z - 1. Is s(-4) prime?
True
Is (-35109)/(-6) + ((-117)/(-6))/13 a composite number?
True
Suppose -71*p - 28398 = -77*p. Is p composite?
False
Suppose -4*z - 2*f + 9174 = 0, 27*f + 4562 = 2*z + 23*f. Is z composite?
True
Suppose 0 = u + 3*d - 20425 - 1533, 2*u - 5*d = 43927. Is u composite?
False
Let z = -8486 + 22237. Is z composite?
False
Let b(k) = k + k - 4*k + 0*k - 4. Let m be b(-4). Is (16/m - -91) + -4 prime?
False
Suppose 0*a = b + 2*a + 280, -5*a - 1105 = 4*b. Let x = 460 + b. Let l = 321 - x. Is l a composite number?
False
Let c(o) = 8*o**2 - 17*o + 61. Is c(-30) a prime number?
False
Let q = -362 - -3133. Is q a prime number?
False
Let b(q) = 14*q**2 + 6*q - 55. Is b(6) a prime number?
False
Let h(z) = z**3 - 9*z**2 + z + 2. Let y be h(9). Suppose 6*l + 590 = y*l. Is l composite?
True
Let y(u) = -u**3 - 3*u**2 - u + 2. Let z be y(-2). Suppose 2*j - 4*w - 36 = z, 1 + 3 = 4*w. Let f = j + 35. Is f composite?
True
Suppose -3*h + 0*h - 625 = -2*u, 4*u + 2*h = 1226. Suppose 5*z - 1017 = u. Is z a composite number?
True
Let k(f) = -263*f - 56. Is k(-11) prime?
True
Let w be 30849/65 + (-2)/(-5). Let p = w - 176. Is p a composite number?
True
Let w(k) = 12*k**2 + 13*k - 2. Is w(-15) a composite number?
False
Let n(r) = -534*r - 19. Is n(-7) a composite number?
False
Suppose g = -3*n - 530, 2*n - 2*g = -g - 350. Suppose 4*h - 2*i = 1126, -502 - 60 = -2*h + 2*i. Let x = h + n. Is x composite?
True
Suppose -1570*d + 1565*d + 381895 = 0. Is d prime?
True
Let l(w) = -8*w**3 + 10*w**2 + 7*w - 29. Is l(-6) prime?
True
Is ((-1)/2)/(6 - (-192141)/(-32022)) a composite number?
True
Let i(y) = 1571*y - 294. Is i(5) a prime number?
True
Let y = -245 - -113. Let n = y - -250. Is n prime?
False
Suppose 0 = 5*r + 2*g + 33234, 3*g = 5*r - 0*g + 33224. Let f = -2445 - r. Is f a prime number?
True
Let f be (-522)/(-5) + (-6)/15. Let v(z) = z**3 - 2*z**2 - 1. Let c be v(5). Suppose c = 2*y - f. Is y composite?
False
Let t(f) = -7*f**3 + f**2 + f. Let k be t(-1). Let d = k + -4. Suppose 8 = -4*i, d*c - 3*i + 7*i = 229. Is c prime?
True
Let a(w) = w**3 + w + 15. Let n be a(0). Suppose 128 = 17*h - n*h. Suppose -5*j - 5*x = -1050, -x = 4*j - h - 761. Is j prime?
False
Suppose 11*d - 6601 - 42250 = 0. Is d a prime number?
True
Let y(g) = 60*g + 8. Let r be y(-6). Is (-6)/(-9) + r/(-3) a composite number?
True
Let x = -25 - -7. Let k(s) = -41*s + 31. Is k(x) prime?
True
Let p(c) = -c**3 + 3*c**2 + 5*c - 4. Suppose 0 = -a + 5*s - 21, 0*a + 4*s - 16 = a. Let d be p(a). Suppose -5*i + i + 1172 = d. Is i a prime number?
True
Suppose -21 = -2*q + 25. Let p = q - 18. Suppose -c - c = 3*k - 1475, -1469 = -3*k - p*c. Is k a prime number?
False
Let q(n) be the third derivative of -25*n**4/24 - 3*n**3/2 - 4*n**2. Let b be 2 + (-9 - -1 - 0). Is q(b) a prime number?
False
Let c = -150 - -664. Is (-3)/2 - 20/(-16)*c a composite number?
False
Suppose 5980 - 1000 = 3*m. Suppose -5*a + k = -m, -3*a + 0*a + 5*k = -1018. Is a composite?
False
Let u = 24 - 19. Let g(z) = 92*z + 19. Is g(u) prime?
True
Suppose -4*r - 5*n + 33 = 0, r + 5 = n + 2. Suppose -r*i - 2*i + 36 = 0. Suppose -i + 317 = 4*d. Is d a prime number?
False
Let b(w) = -w**3 - 21*w**2 + 28*w + 8. Let g be b(-22). Let m = 359 + g. Is m composite?
True
Is 1*(101/3)/((-5)/(-195)) a prime number?
False
Suppose 2*p + 2 = 0, -2*i - 29 = -i - 3*p. Is (-4)/i*4*11414 composite?
True
Suppose 4*s + 20 = 8*s. Suppose -5*i - 419 = -3*a + 4, -s*i = 5*a - 705. Is a a composite number?
True
Let h be (-9)/(-63) + 54/14. Suppose 2*k - 310 = -3*x + 449, h*x + 4*k = 1016. Is x composite?
False
Suppose 8*g - 13553 = 213511. Is g prime?
False
Suppose h + 5*s = 10621, -41*s = -4*h - 42*s + 42408. Is h composite?
False
Suppose 0*r - 50 = 2*r + 4*b, 2*r + 2*b = -40. Let m = 106 - r. Is m a prime number?
False
Let j(s) = 2*s**3 + 11*s**2 - 11*s + 4. Let l be j(-9). Let u = l + 1251. Is u a composite number?
False
Is ((-1 - -1) + 118868)*12/48 a prime number?
True
Let q = -40 + -983. Let w = -350 - q. Is w a prime number?
True
Let x(l) = 2 - 2*l + 7 + 3 + 6*l**2 - 3*l**2. Is x(-5) prime?
True
Suppose -4*m = 2*k + 613 - 11779, -3*k = 2*m - 5593. Is m a composite number?
False
Is -5 - (10 + 0 + -26017) composite?
True
Let d(x) = 12*x**3 - 15*x**2 + 2*x + 10. Is d(9) a prime number?
True
Suppose -6*n = 6*n - 36. Is (-2)/(n - 1)*(-997 + 4) composite?
True
Let i(h) = -72*h + 17. Let y be i(-9). Suppose 4*a + 0*a - z - y = 0, 0 = -3*a - z + 497. Is a a composite number?
True
Is (-3)/((-24)/(-8))*-4213 prime?
False
Let n(z) = 843*z - 452. Is 